i = -g*n + 29, 3 = -n - 0*i - 4*i. Suppose 0 = -n*l + 13*l - 600. Calculate the greatest common divisor of l and 30.
15
Suppose -122*d = 124*d - 26*d - 123420. Calculate the greatest common divisor of 357 and d.
51
Let w(s) = -s**2 - 22*s + 3. Let y be w(7). Let n = y + 254. Calculate the highest common divisor of 90 and n.
18
Suppose 0 = -4*k - j + 6905, 522*k + 2*j = 521*k + 1714. Calculate the greatest common factor of k and 99.
9
Let l be 60/(-35)*14/(-4). Suppose l*z - 1128 = 3*z. Let n(i) = -i**2 + 18*i - 33. Let q be n(10). Calculate the greatest common factor of z and q.
47
Let j = -216399 - -216443. Suppose -2*t + 21 = 3*s - 0*s, -t + 4*s = 6. Let m be (-16)/6*(-18)/t. What is the greatest common divisor of m and j?
4
Let c be 2/6 + 248/12. Suppose 21*a - 152 = 13*a. Suppose a*q + 1155 = 24*q. What is the highest common factor of c and q?
21
Let h = 134 - 44. Let m = 91 - h. Suppose -2*q = 10, 5*b + m - 51 = q. What is the greatest common factor of 6 and b?
3
Suppose 3664 = 2*p + 4*n - 2*n, 4*p - 7391 = 3*n. Calculate the highest common factor of p and 7.
7
Suppose -3*x = -2*v - 392, -2*x - 46 = -2*v - 310. Let o = -5 - -21. What is the highest common divisor of x and o?
16
Let o = 15377 + 5941. Suppose -o = -44*u - 7*u. What is the highest common factor of 22 and u?
22
Let i(s) = 1132*s**2 - 29*s + 15. Let h be i(1). What is the highest common divisor of 344 and h?
86
Let t be (-6)/(-15)*((-4)/8 + 3). Suppose 0 = 5*x + t - 71. What is the greatest common factor of x and 77?
7
Let p(w) = -w**3 + 7*w**2 + 4*w + 8. Let k be p(7). Suppose 4*o - k = 80. What is the greatest common divisor of 87 and o?
29
Let o(l) = l - 21. Let w be o(33). Let m be (w/(-15))/(4/(-120)). What is the highest common factor of 48 and m?
24
Suppose 5*g + 2625 = 3*a - 430, -4*a = 3*g - 4054. Suppose 16*m = -13*m + a. Calculate the highest common factor of 35 and m.
35
Suppose -23*x + 527972 + 505432 = 312607. What is the greatest common factor of 37 and x?
37
Let q = -6225 + 6594. What is the highest common factor of 205 and q?
41
Let x(o) = -224*o + 7457. Let g be x(33). What is the highest common factor of g and 19370?
65
Let p = 1 - -1. Let g be (2 + 143)*(-4)/(-26 + 6). Suppose g = p*q - 169. Calculate the greatest common factor of q and 11.
11
Suppose -4*y = 8, 2*y + y + 16 = 5*t. Suppose -t*d + 2*a + 17 = -3*a, 0 = a - 5. Suppose -d - 43 = -2*v. What is the highest common divisor of 16 and v?
16
Suppose -1143*r = -1136*r - 35. Let j(i) = 3*i. Let z be j(1). Suppose 5*g = -5*s + 172 - 42, 5*g - 128 = -z*s. What is the greatest common factor of r and g?
5
Let p(h) = -45*h + 2. Let l be p(-11). Suppose 751 = 8*f - l. Calculate the highest common divisor of f and 117.
39
Let y(g) be the second derivative of g**3 - 61*g**2/2 - 14*g. Let z be y(6). Let j = 61 + z. Calculate the highest common factor of j and 24.
12
Suppose 9*h - 2*h + 14*h = 46494. What is the highest common factor of h and 162?
54
Let s(t) = 17*t**3 + 4*t**2 - 6*t - 3. Let v be s(-5). Let a = v + 3340. What is the highest common factor of 22 and a?
22
Suppose f = -t + 144, 3*f + 0*f - 3 = 0. Let o = t + -126. Suppose -3*w + 114 + 124 = 2*g, 3*g - 357 = 4*w. What is the highest common divisor of o and g?
17
Suppose 5 = 4*j - 7. Let x be 2/j - 1 - 896/(-6). Suppose 89 - x = -2*r. What is the highest common divisor of 70 and r?
10
Suppose -5*x - 223 = -1238. Suppose -x + 3 = -5*c. Suppose o = -c + 139. Calculate the greatest common factor of 11 and o.
11
Let h(n) = -355*n + 55. Let c be h(0). What is the greatest common divisor of 530 and c?
5
Let t(o) = o**3 + o**2 - 2. Let h be t(3). Let s be 33/9 + -3 - (-60)/18. Calculate the highest common divisor of s and h.
2
Let x(a) = -2*a**3 - 5*a**2 + 9*a + 10. Let t be x(-5). Suppose o - 2*w = -o + t, -5*o + 3*w = -225. What is the highest common factor of 27 and o?
9
Suppose 59 = w - 663. Let n be 6/(-4)*w/57. Let d = n - -47. What is the greatest common factor of 140 and d?
28
Let v = -224 - -221. Let k be (35 + -68)*31/v. What is the greatest common divisor of k and 31?
31
Let h = -3 + 18. Suppose 4*d - h = -3*z + 6*z, 0 = -3*d - 3*z - 15. Suppose -4*t + 111 - 7 = d. What is the highest common divisor of t and 234?
26
Let o(r) = -r**3 + 61*r**2 - 154*r - 120. Let q be o(58). What is the greatest common divisor of 65 and q?
65
Let w be 2*9 + ((-36)/12 - -9). What is the greatest common factor of w and 3240?
24
Let f be 6*2/(-2)*(-1700)/150. What is the greatest common divisor of f and 10285?
17
Suppose 4*v + 837 = 5*q, 174 = 2*q - q - 3*v. Calculate the highest common factor of 99 and q.
33
Let f(c) = -150*c**2 - 71 - 17 + 0 - 49 + 148*c**2 - 70*c. Let i be f(-32). Calculate the highest common divisor of i and 11.
11
Suppose 3*i + 612 = -567. Let h = -246 - i. Calculate the highest common divisor of h and 343.
49
Let r(l) = l**3 - 17*l**2 + 15*l + 19. Let o be r(16). Suppose -o*s + 5*v + 1904 = -0*v, -628 = -s + 5*v. What is the greatest common factor of 58 and s?
58
Suppose -15*i = -4*i + 11. Let n be (-9 - i)/(30/(-60)). Calculate the greatest common divisor of n and 112.
16
Let n = 209 + 153. Let x = n + -343. What is the greatest common factor of x and 19?
19
Let a(i) = -2*i**3 + 33*i**2 - 36*i - 76. Let t be a(12). Calculate the highest common factor of 32 and t.
4
Let c(z) = 9*z + 2. Let m be c(3). Let d = m - -27. Let f = d - 16. What is the highest common factor of 8 and f?
8
Let z(c) = 11*c - 270. Let s be z(28). Suppose -3*b - 545 = 4*n, 661 = -5*n + 4*b - b. Let h = 229 + n. Calculate the greatest common divisor of s and h.
19
Let t = 4833 + -4770. Calculate the greatest common factor of 693 and t.
63
Let r(o) = 29*o - 147. Let y be r(5). Let u be y/(-9) + 17/(459/588). Calculate the highest common divisor of 176 and u.
22
Let k(q) = q**3 + 9*q**2 + 21*q + 12. Let s be k(-5). What is the highest common divisor of 13727 and s?
7
Suppose -370*z - 470 = -375*z + 5*n, -8 = 2*n. Calculate the greatest common factor of 4770 and z.
90
Let y = -1397 + 1430. Let b be 164/5 - (-1)/5. What is the highest common divisor of b and y?
33
Suppose 0 = 3*t, 19*t - 17*t = -a + 197. Let u = a - 111. What is the highest common divisor of 86 and u?
86
Let h = 47 - 23. Suppose 3*b - 66 = 3*w - 27, -3*b = -5*w - 43. Let z be (22/b)/(2/6). Calculate the highest common factor of z and h.
6
Let l = 2670 + -2645. Calculate the greatest common factor of l and 160.
5
Let o(z) = -z**2 - 13*z + 3. Let v be o(-10). Let m = 23 + -32. Let c be (-4)/m + (-46)/(-18). What is the greatest common divisor of c and v?
3
Let m(o) = 334*o**3 - 3*o**2 - 4*o - 2. Let f be m(-1). Let b = f - -519. Calculate the greatest common divisor of b and 115.
23
Let j(b) = 0 - 10*b - 3*b + 2*b**2 + 4*b**2 + 3. Let x be j(10). Suppose 0 = 4*y - x - 39. Calculate the greatest common divisor of y and 16.
16
Let s = 161 + -241. Let w be 63/(-28)*s/3. Calculate the greatest common divisor of 225 and w.
15
Let x(a) = -3*a**2 + 5*a - 99. Let m(p) = 14*p**2 - 21*p + 395. Let b(y) = -2*m(y) - 9*x(y). Let i be b(-11). What is the highest common divisor of 325 and i?
13
Let v be 5*(-6)/(-5)*2/6. Let s(t) = 14*t**2 + 0*t**2 - t**v. Let q be s(-3). Calculate the highest common divisor of 13 and q.
13
Let b = 63 - 17. Let o(k) = 31*k + 58. Let i be o(-3). Let l be 7/(-5) + (-2464)/i. Calculate the greatest common factor of l and b.
23
Let u = -1179 - -1427. Calculate the highest common factor of 31 and u.
31
Let j(l) = l**2 - 16*l - 19. Let k(i) = 4*i**2 + 2. Let q be k(-2). Let c be j(q). What is the greatest common divisor of 51 and c?
17
Let r(k) = 2 - 5 - 41*k + 1. Let b be r(-2). Suppose 0 = -3*d - 16*s + 12*s + 404, -7*d + 4*s + 796 = 0. What is the greatest common divisor of d and b?
40
Suppose 4*f - 15 = -3*a, 14 = -8*a - 5*f + 37. Calculate the greatest common divisor of a and 569.
1
Let h be 8/12*(-4 - -25). Suppose 0 = -3*i - 2*x - 25186, 3*x - 16808 = 3*i - i. Let o be i/(-76) + 3/2. What is the highest common factor of o and h?
14
Suppose 4641 = 116*w + 117. Calculate the greatest common divisor of 650 and w.
13
Let c = 10440 + -10431. Calculate the highest common divisor of c and 3.
3
Let w be (-7)/(280/(-12156)) + 7/70. Let z = w + -205. What is the highest common factor of 27 and z?
9
Let